{"id":47,"date":"2017-04-27T23:23:38","date_gmt":"2017-04-27T21:23:38","guid":{"rendered":"http:\/\/localhost\/wordpress\/?page_id=47"},"modified":"2025-09-29T09:14:17","modified_gmt":"2025-09-29T07:14:17","slug":"zakres-leczenia","status":"publish","type":"page","link":"https:\/\/www.agatawalczak.pl\/?page_id=47&lang=pl","title":{"rendered":"Zakres leczenia"},"content":{"rendered":"<p>Je\u015bli odczuwasz nast\u0119puj\u0105ce dolegliwo\u015bci powiniene\u015b skorzysta\u0107 z konsultacji psychiatrycznej:<\/p>\n<p>-zaburzenia pami\u0119ci,<\/p>\n<p>-smutek, przygn\u0119bienie (w stopniu wyra\u017anie nieprawid\u0142owym dla danej osoby),<\/p>\n<p>-utrata energii, wzrost m\u0119czliwo\u015bci,<\/p>\n<p>-zmniejszona zdolno\u015b\u0107 do podejmowania decyzji, niezdecydowanie,<\/p>\n<p>-zmniejszona aktywno\u015b\u0107, spowolnienie,<\/p>\n<p>-zaburzenia snu (wzrost lub spadek senno\u015bci),<\/p>\n<p>-my\u015bli samob\u00f3jcze,<\/p>\n<p>-sta\u0142y niepok\u00f3j wewn\u0119trzny,<\/p>\n<p>-uporczywe b\u00f3le lub zm\u0119czenie (nie spowodowane chorobami somatycznymi),<\/p>\n<p>-wzmo\u017cona dra\u017cliwo\u015b\u0107, nerwowo\u015b\u0107, wybuchowo\u015b\u0107,<\/p>\n<p>-nadmierna nie\u015bmia\u0142o\u015b\u0107 (czerwienienie si\u0119, dr\u017cenie) w sytuacjach oceny przez innych ludzi,<\/p>\n<p>-napadowe \u2013 ko\u0142atanie serca, poty, dr\u017cenie, duszno\u015bci, d\u0142awienie si\u0119 (poczucie &#8222;guli w gardle&#8221;), b\u00f3l w klatce piersiowej (wykluczona przyczyna sercowa), nudno\u015bci, zawroty g\u0142owy, uderzenia gor\u0105ca, zimne dreszcze, napi\u0119cie, b\u00f3l mi\u0119\u015bni,<\/p>\n<p>-natr\u0119tne my\u015bli lub czynno\u015bci,<\/p>\n<p>-dolegliwo\u015bci somatyczne nie maj\u0105ce potwierdzenia somatycznego.<\/p>\n<p>&nbsp;<\/p>\n<p>&nbsp;<\/p>\n<p>Zakres leczenia:<\/p>\n<p>Zaburzenia nastroju \u2013 depresja, choroba afektywna dwubiegunowa, dystymia<\/p>\n<p>Zaburzenia nerwicowe \u2013 zaburzenia l\u0119kowe z napadami l\u0119ku, l\u0119k uog\u00f3lniony, zaburzenia obsesyjno-kompulsywne<\/p>\n<p>Zaburzenia psychotyczne \u2013 schizofrenia, zaburzenia schizoafektywne, zespo\u0142y urojeniowe<\/p>\n<p>Zaburzenia snu<\/p>\n<p>Zaburzenia adaptacyjne \u2013 reakcja na stres<\/p>\n<p>Zaburzenia stresowe pourazowe<\/p>\n<p>Zaburzenia po postaci\u0105 somatyczn\u0105<\/p>\n<p>Zespo\u0142y ot\u0119pienne<\/p>\n<p>DID<\/p>\n<p>ADHD<\/p>\n<p>Spektrum autyzmu<\/p>\n","protected":false},"excerpt":{"rendered":"<p>Je\u015bli odczuwasz nast\u0119puj\u0105ce dolegliwo\u015bci powiniene\u015b skorzysta\u0107 z konsultacji psychiatrycznej: -zaburzenia pami\u0119ci, -smutek, przygn\u0119bienie (w stopniu wyra\u017anie nieprawid\u0142owym dla danej osoby), -utrata energii, wzrost m\u0119czliwo\u015bci, -zmniejszona zdolno\u015b\u0107 do podejmowania decyzji, niezdecydowanie, -zmniejszona aktywno\u015b\u0107, spowolnienie, -zaburzenia snu (wzrost lub spadek senno\u015bci), -my\u015bli samob\u00f3jcze, -sta\u0142y niepok\u00f3j wewn\u0119trzny, -uporczywe b\u00f3le lub zm\u0119czenie (nie spowodowane chorobami somatycznymi), -wzmo\u017cona dra\u017cliwo\u015b\u0107, nerwowo\u015b\u0107, &hellip; <\/p>\n<p class=\"link-more\"><a href=\"https:\/\/www.agatawalczak.pl\/?page_id=47&#038;lang=pl\" class=\"more-link\">Czytaj dalej<span class=\"screen-reader-text\"> \u201eZakres leczenia\u201d<\/span><\/a><\/p>\n","protected":false},"author":1,"featured_media":0,"parent":0,"menu_order":0,"comment_status":"closed","ping_status":"closed","template":"","meta":{"footnotes":""},"class_list":["post-47","page","type-page","status-publish","hentry"],"_links":{"self":[{"href":"https:\/\/www.agatawalczak.pl\/index.php?rest_route=\/wp\/v2\/pages\/47","targetHints":{"allow":["GET"]}}],"collection":[{"href":"https:\/\/www.agatawalczak.pl\/index.php?rest_route=\/wp\/v2\/pages"}],"about":[{"href":"https:\/\/www.agatawalczak.pl\/index.php?rest_route=\/wp\/v2\/types\/page"}],"author":[{"embeddable":true,"href":"https:\/\/www.agatawalczak.pl\/index.php?rest_route=\/wp\/v2\/users\/1"}],"replies":[{"embeddable":true,"href":"https:\/\/www.agatawalczak.pl\/index.php?rest_route=%2Fwp%2Fv2%2Fcomments&post=47"}],"version-history":[{"count":2,"href":"https:\/\/www.agatawalczak.pl\/index.php?rest_route=\/wp\/v2\/pages\/47\/revisions"}],"predecessor-version":[{"id":382,"href":"https:\/\/www.agatawalczak.pl\/index.php?rest_route=\/wp\/v2\/pages\/47\/revisions\/382"}],"wp:attachment":[{"href":"https:\/\/www.agatawalczak.pl\/index.php?rest_route=%2Fwp%2Fv2%2Fmedia&parent=47"}],"curies":[{"name":"wp","href":"https:\/\/api.w.org\/{rel}","templated":true}]}}