{"id":129,"date":"2017-04-27T22:49:53","date_gmt":"2017-04-27T20:49:53","guid":{"rendered":"http:\/\/localhost\/wordpress\/?page_id=5"},"modified":"2025-09-29T09:19:42","modified_gmt":"2025-09-29T07:19:42","slug":"o-mnie","status":"publish","type":"page","link":"https:\/\/www.agatawalczak.pl\/?page_id=129&lang=pl","title":{"rendered":"O mnie"},"content":{"rendered":"<p style=\"text-align: left;\"><img loading=\"lazy\" decoding=\"async\" class=\"size-medium wp-image-167 alignleft\" src=\"http:\/\/agatawalczak.pl\/wp-content\/uploads\/2017\/04\/DSC_1697-2-300x200.jpg\" alt=\"\" width=\"300\" height=\"200\" srcset=\"https:\/\/www.agatawalczak.pl\/wp-content\/uploads\/2017\/04\/DSC_1697-2-300x200.jpg 300w, https:\/\/www.agatawalczak.pl\/wp-content\/uploads\/2017\/04\/DSC_1697-2-768x511.jpg 768w, https:\/\/www.agatawalczak.pl\/wp-content\/uploads\/2017\/04\/DSC_1697-2-1024x681.jpg 1024w\" sizes=\"auto, (max-width: 300px) 100vw, 300px\" \/><span style=\"font-size: 1rem;\">Psychiatri\u0105 zajmuj\u0119 si\u0119 od 2009r. Do\u015bwiadczenie zdobywa\u0142am<\/span><br \/>\nw renomowanych szpitalach<br \/>\ni Klinikach wojew\u00f3dztwa \u015bl\u0105skiego takich jak Szpital Psychiatryczny<br \/>\nw Bielsku \u2013 Bia\u0142ej, Klinika Psychiatrii w Tarnowskich G\u00f3rach oraz w ostatnich latach w Centrum Psychiatrii w Katowicach, gdzie pracowa\u0142am na jedynym ca\u0142odobowym oddziale terapeutycznym na \u015bl\u0105sku \u2013 na Oddziale Terapii Zaburze\u0144 Afektywnych i Nerwicowych. Na oddziale terapeutycznym zdoby\u0142am du\u017ce do\u015bwiadczenie w leczeniu psychofarmakologicznym i psychoterapeutycznym, oraz przekona\u0142am si\u0119,<br \/>\n\u017ce w leczeniu zaburze\u0144 psychicznych opr\u00f3cz farmakoterapii bardzo istotnym czynnikiem lecz\u0105cym jest dobra relacja lekarz-pacjent.<\/p>\n<p style=\"text-align: left;\">Uko\u0144czy\u0142am czteroletnie szkolenie psychoterapeutycznego na studiach podyplomowych w zakresie psychoterapii w Collegium Medicum Uniwersytetu Jagiello\u0144skiego w Krakowie. Dodatkowo uko\u0144czy\u0142am pierwszy stopie\u0144 szkolenia EMDR.<\/p>\n<p style=\"text-align: left;\">Jestem cz\u0142onkiem Polskiego Towarzystwa Psychiatrycznego, Sekcji Naukowej Psychoterapii oraz European Society for Trauma and Dissociation.<\/p>\n<p style=\"text-align: left;\">Moj\u0105 prac\u0119 poddaj\u0119 ci\u0105g\u0142ej superwizji.<\/p>\n<p>W trakcie mojej pracy w gabinecie, przekona\u0142am jak bardzo istotne jest zwr\u00f3cenie uwagi na do\u015bwiadczone przez pacjenta traumy i ich wp\u0142ywie na obecne zdrowie psychiczne. R\u00f3wnie wa\u017cne jest spogl\u0105danie na pacjenta pod wzgl\u0119dem neuror\u00f3\u017cnorodno\u015bci w tym tak zwany neuroatypowy rozw\u00f3j i z niego wynikaj\u0105cy autyzm i ADHD.<\/p>\n<p style=\"text-align: left;\">Ze wzgl\u0119du na bardzo dobr\u0105 znajomo\u015b\u0107 j\u0119zyka angielskiego i niemieckiego prowadz\u0119 r\u00f3wnie\u017c psychofarmakoterapi\u0119 w tych j\u0119zykach.<\/p>\n<p>&nbsp;<\/p>\n<p>&nbsp;<\/p>\n","protected":false},"excerpt":{"rendered":"<p>Psychiatri\u0105 zajmuj\u0119 si\u0119 od 2009r. Do\u015bwiadczenie zdobywa\u0142am w renomowanych szpitalach i Klinikach wojew\u00f3dztwa \u015bl\u0105skiego takich jak Szpital Psychiatryczny w Bielsku \u2013 Bia\u0142ej, Klinika Psychiatrii w Tarnowskich G\u00f3rach oraz w ostatnich latach w Centrum Psychiatrii w Katowicach, gdzie pracowa\u0142am na jedynym ca\u0142odobowym oddziale terapeutycznym na \u015bl\u0105sku \u2013 na Oddziale Terapii Zaburze\u0144 Afektywnych i Nerwicowych. Na oddziale &hellip; <\/p>\n<p class=\"link-more\"><a href=\"https:\/\/www.agatawalczak.pl\/?page_id=129&#038;lang=pl\" class=\"more-link\">Czytaj dalej<span class=\"screen-reader-text\"> \u201eO mnie\u201d<\/span><\/a><\/p>\n","protected":false},"author":1,"featured_media":0,"parent":0,"menu_order":0,"comment_status":"closed","ping_status":"closed","template":"","meta":{"footnotes":""},"class_list":["post-129","page","type-page","status-publish","hentry"],"_links":{"self":[{"href":"https:\/\/www.agatawalczak.pl\/index.php?rest_route=\/wp\/v2\/pages\/129","targetHints":{"allow":["GET"]}}],"collection":[{"href":"https:\/\/www.agatawalczak.pl\/index.php?rest_route=\/wp\/v2\/pages"}],"about":[{"href":"https:\/\/www.agatawalczak.pl\/index.php?rest_route=\/wp\/v2\/types\/page"}],"author":[{"embeddable":true,"href":"https:\/\/www.agatawalczak.pl\/index.php?rest_route=\/wp\/v2\/users\/1"}],"replies":[{"embeddable":true,"href":"https:\/\/www.agatawalczak.pl\/index.php?rest_route=%2Fwp%2Fv2%2Fcomments&post=129"}],"version-history":[{"count":9,"href":"https:\/\/www.agatawalczak.pl\/index.php?rest_route=\/wp\/v2\/pages\/129\/revisions"}],"predecessor-version":[{"id":273,"href":"https:\/\/www.agatawalczak.pl\/index.php?rest_route=\/wp\/v2\/pages\/129\/revisions\/273"}],"wp:attachment":[{"href":"https:\/\/www.agatawalczak.pl\/index.php?rest_route=%2Fwp%2Fv2%2Fmedia&parent=129"}],"curies":[{"name":"wp","href":"https:\/\/api.w.org\/{rel}","templated":true}]}}